the prime factors of 3499777444.
2, 281, 769, 4049
What are the prime factors of 13421611?
7, 1917373
List the prime factors of 372545878.
2, 186272939
List the prime factors of 97822633.
97822633
What are the prime factors of 110026018?
2, 55013009
What are the prime factors of 5423039803?
2953, 1836451
List the prime factors of 4503807395.
5, 587, 1534517
What are the prime factors of 49528565?
5, 17, 582689
List the prime factors of 423544790.
2, 5, 42354479
What are the prime factors of 2048595456?
2, 3, 1333721
What are the prime factors of 234855385?
5, 127, 369851
What are the prime factors of 344729423?
344729423
What are the prime factors of 1866566915?
5, 6073, 61471
What are the prime factors of 358661670?
2, 3, 5, 19, 331, 1901
What are the prime factors of 93289039?
167, 173, 3229
List the prime factors of 1196406882.
2, 3, 11, 157, 12829
List the prime factors of 366091400.
2, 5, 31, 137, 431
List the prime factors of 1263957268.
2, 7, 45141331
What are the prime factors of 126062243?
126062243
What are the prime factors of 8258504?
2, 29, 35597
List the prime factors of 29979816.
2, 3, 1249159
What are the prime factors of 2865460568?
2, 17, 21069563
What are the prime factors of 286522045?
5, 3607, 15887
What are the prime factors of 104000293?
29, 3586217
List the prime factors of 6456276942.
2, 3, 19489, 55213
What are the prime factors of 3073892897?
107, 709, 40519
What are the prime factors of 526570445?
5, 105314089
What are the prime factors of 206010365?
5, 11, 167, 2039
List the prime factors of 487757441.
31, 1423, 11057
List the prime factors of 109197303.
3, 36399101
List the prime factors of 1453073847.
3, 167, 2900347
What are the prime factors of 1191543729?
3, 1657, 239699
What are the prime factors of 176987900?
2, 5, 47, 37657
List the prime factors of 1526705477.
11, 23, 283, 21323
What are the prime factors of 329537377?
13, 41, 618269
What are the prime factors of 1618693693?
773, 2094041
List the prime factors of 1828947144.
2, 3, 19, 4010849
What are the prime factors of 51191320?
2, 5, 19, 193, 349
List the prime factors of 4769701520.
2, 5, 59621269
List the prime factors of 82128897.
3, 137, 2467
List the prime factors of 1012613272.
2, 11, 23, 677, 739
List the prime factors of 365222943.
3, 433, 93719
What are the prime factors of 33861102?
2, 3, 11, 513047
List the prime factors of 127557698.
2, 17, 251, 14947
What are the prime factors of 97287868?
2, 79, 307873
What are the prime factors of 4066278?
2, 3, 409, 1657
List the prime factors of 4605172820.
2, 5, 230258641
What are the prime factors of 78565594?
2, 31, 41, 997
What are the prime factors of 2847224579?
23, 8431, 14683
List the prime factors of 8460153.
3, 13, 24103
What are the prime factors of 248396308?
2, 857, 72461
List the prime factors of 98875785.
3, 5, 6591719
List the prime factors of 3712479490.
2, 5, 107, 3469607
What are the prime factors of 1705125979?
599, 2846621
List the prime factors of 189790520.
2, 5, 61, 77783
What are the prime factors of 142252012?
2, 7, 19, 267391
List the prime factors of 13568842.
2, 7, 709, 1367
What are the prime factors of 181633934?
2, 563, 161309
What are the prime factors of 338382522?
2, 3, 101, 20681
List the prime factors of 1180340233.
1180340233
What are the prime factors of 1159909185?
3, 5, 1523, 50773
What are the prime factors of 372421769?
372421769
What are the prime factors of 2398092812?
2, 131, 809, 5657
List the prime factors of 54632694.
2, 3, 29, 313981
What are the prime factors of 49998030?
2, 3, 5, 29, 101, 569
List the prime factors of 1686980192.
2, 52718131
List the prime factors of 145125600.
2, 3, 5, 17, 3557
What are the prime factors of 1260911032?
2, 1093, 144203
What are the prime factors of 214108419?
3, 7, 10195639
What are the prime factors of 83530372?
2, 1151, 18143
List the prime factors of 214179219.
3, 1087, 21893
List the prime factors of 39589358.
2, 107, 184997
What are the prime factors of 76842886?
2, 38421443
List the prime factors of 7346910.
2, 3, 5, 244897
List the prime factors of 361616074.
2, 23, 59, 133241
List the prime factors of 494128008.
2, 3, 11, 197, 3167
What are the prime factors of 165555282?
2, 3, 17, 1623091
List the prime factors of 4249391666.
2, 13, 43, 3800887
List the prime factors of 758348077.
3929, 193013
List the prime factors of 60737880.
2, 3, 5, 7, 72307
What are the prime factors of 149859111?
3, 127, 393331
List the prime factors of 412912313.
11, 19, 1975657
What are the prime factors of 5962182627?
3, 37, 241, 222877
List the prime factors of 793478378.
2, 7, 11, 5152457
What are the prime factors of 2701848171?
3, 11, 1061, 77167
What are the prime factors of 64550378?
2, 32275189
List the prime factors of 32025470.
2, 5, 421, 7607
List the prime factors of 3294565452.
2, 3, 6361, 14387
List the prime factors of 405130670.
2, 5, 7, 89, 65029
List the prime factors of 41815266.
2, 3, 1879, 3709
List the prime factors of 397930090.
2, 5, 39793009
List the prime factors of 12180864.
2, 3, 31721
What are the prime factors of 34076729?
79, 83, 5197
What are the prime factors of 102727936?
2, 23, 73, 239
List the prime factors of 283363875.
3, 5, 251879
List the prime factors of 7987229.
17, 107, 4391
What are the prime factors of 117697921?
11, 29, 41, 8999
List the prime factors of 724530657.
3, 283, 647, 1319
List the prime factors of 1365908216.
2, 97, 953, 1847
List the prime factors of 2207754460.
2, 5, 7103, 15541
What are the prime factors of 24840384?
2, 3, 67, 1931
What are the prime factors of 304699222?
2, 152349611
List the prime factors of 2605302115.
5, 13, 23, 1742677
List the prime factors of 133620974.
2, 31, 2155177
List the prime factors of 599693001.
3, 29, 181, 38083
List the prime factors of 22572135.
3, 5, 61, 2741
What are the prime factors of 2665288135?
5, 17, 43, 729217
What are the prime factors of 346090769?
346090769
List the prime factors of 174648264.
2, 3, 7, 149, 6977
What are the prime factors of 2869106?
2, 1434553
List the prime factors of 230331387.
3, 11, 13, 137, 3919
List the prime factors of 798170613.
3, 269, 989059
List the prime factors of 983245216.
2, 23, 479, 2789
List the prime factors of 240360901.
11, 41, 532951
List the prime factors of 982940466.
2, 3, 23, 7122757
What are the prime factors of 73018533?
3, 7, 1063, 3271
What are the prime factors of 379269387?
3, 7, 1583, 3803
List the prime factors of 406723146.
2, 3, 977, 69383
List the prime factors of 68172989.
23, 797, 3719
What are the prime factors of 55581892?
2, 23, 151, 4001
List the prime factors of 1354904309.
11, 23, 73, 73361
What are the prime factors of 26312603?
43, 611921
What are the prime factors of 98532739?
37, 769, 3463
List the prime factors of 517108497.
3, 43, 227, 17659
What are the prime factors of 97244164?
2, 24311041
What are the prime factors of 39022825?
5, 1560913
List the prime factors of 611375659.
109, 5608951
List the prime factors of 394197443.
5297, 74419
List the prime factors of 3610580439.
3, 4799, 250787
List the prime factors of 353407379.
13, 67, 405749
What are the prime factors of 5602806280?
2, 5, 17, 8239421
List the prime factors of 636819023.
636819023
List the prime factors of 57953564.
2, 631, 22961
List the prime factors of 200159240.
2, 5, 5003981
List the prime factors of 420599236.
2, 199, 528391
List the prime factors of 626210731.
619, 1011649
What are the prime factors of 5414876881?
97, 1213, 46021
What are the prime factors of 3520710?
2, 3, 5, 39119
What are the prime factors of 246041780?
2, 5, 12302089
What are the prime factors of 4469819604?
2, 3, 372484967
List the prime factors of 1082472977.
17, 281, 226601
List the prime factors of 63452009.
23, 31, 88993
What are the prime factors of 610517688?
2, 3, 11, 73, 79, 401
What are the prime factors of 340987804?
2, 61, 1397491
What are the prime factors of 3917046161?
7, 559578023
What are the prime factors of 308597726?
2, 2417, 63839
What are the prime factors of 595460183?
31, 19208393
What are the prime factors of 345235158?
2, 3, 31, 347, 1783
List the prime factors of 87451675.
5, 29, 120623
List the prime factors of 33757828.
2, 13, 73, 8893
What are the prime factors of 162574242?
2, 3,